 and 7741554?
6
Calculate the greatest common factor of 88698148 and 3416.
1708
Calculate the highest common factor of 2496859891 and 1907.
1907
What is the greatest common factor of 29210870 and 130?
130
Calculate the greatest common factor of 5131038 and 30.
6
What is the highest common divisor of 48470 and 11380?
10
Calculate the greatest common divisor of 2539212 and 615.
123
What is the highest common divisor of 12514502 and 146718?
5434
Calculate the highest common factor of 42456 and 1416.
24
What is the highest common divisor of 3162 and 1484814?
102
Calculate the greatest common divisor of 60 and 194805660.
60
Calculate the greatest common divisor of 80936739 and 936.
117
What is the greatest common divisor of 458227 and 146531?
847
What is the highest common divisor of 615 and 1852500?
15
Calculate the greatest common divisor of 84979210 and 950.
190
What is the greatest common factor of 2607 and 2761275?
33
Calculate the highest common factor of 678263520 and 660.
660
Calculate the greatest common divisor of 2438 and 38826369.
1219
Calculate the highest common factor of 3557556714 and 3162.
3162
What is the highest common factor of 61122 and 3489078?
366
What is the greatest common divisor of 10755392 and 48?
16
Calculate the greatest common factor of 288 and 79191.
9
What is the highest common divisor of 89580 and 3580?
20
What is the highest common divisor of 536 and 131986784?
536
Calculate the highest common divisor of 56698 and 34.
2
Calculate the greatest common divisor of 5369 and 81487.
7
What is the greatest common factor of 1824 and 736784?
16
Calculate the greatest common factor of 110802350 and 350.
50
What is the highest common divisor of 2510993 and 330101?
3709
What is the highest common factor of 13416 and 6045624?
312
What is the greatest common factor of 11985870 and 2920?
730
Calculate the highest common factor of 14 and 1442258818.
14
Calculate the highest common factor of 931 and 447203.
19
Calculate the highest common divisor of 302295 and 543795.
105
Calculate the greatest common divisor of 228 and 1687332.
12
What is the greatest common factor of 341496 and 2482?
34
What is the greatest common divisor of 2485936097 and 62?
31
What is the highest common divisor of 2940 and 1108674?
294
Calculate the highest common factor of 487710 and 6990.
30
Calculate the highest common factor of 71161627 and 83.
83
What is the greatest common divisor of 190 and 772068515?
95
Calculate the greatest common factor of 368588 and 55.
11
What is the highest common divisor of 550 and 2410375?
275
Calculate the greatest common factor of 2136 and 135784808.
712
What is the greatest common factor of 1100 and 69927770?
110
What is the greatest common factor of 18360 and 14946570?
1530
What is the highest common divisor of 5819500 and 200?
100
Calculate the highest common divisor of 20416 and 1174558.
638
What is the greatest common divisor of 68 and 638843?
17
What is the greatest common factor of 272403 and 210843?
1539
Calculate the greatest common divisor of 3769380 and 1380.
60
What is the greatest common factor of 23956 and 65137?
53
Calculate the greatest common factor of 959001 and 4267872.
6351
What is the greatest common divisor of 129 and 463251?
3
What is the highest common divisor of 52 and 173733937?
13
What is the highest common divisor of 256178 and 638274?
4342
Calculate the greatest common divisor of 50 and 573162290.
10
What is the highest common divisor of 25 and 1847743050?
25
Calculate the greatest common divisor of 6395 and 942053845.
6395
Calculate the greatest common divisor of 34 and 102940644.
34
What is the greatest common divisor of 1953660 and 7680?
60
What is the highest common divisor of 48970 and 354410?
830
What is the greatest common divisor of 51054012 and 18?
18
Calculate the greatest common divisor of 1467958 and 1121885.
3803
What is the highest common divisor of 202752 and 1122?
66
Calculate the highest common factor of 97567 and 17200.
43
What is the highest common divisor of 25640327 and 6824?
853
What is the greatest common factor of 5033 and 510728708?
5033
What is the greatest common factor of 38 and 61098509?
19
Calculate the highest common factor of 18728207 and 901711.
4721
Calculate the greatest common factor of 99435039 and 11828.
2957
Calculate the highest common factor of 2784 and 3485472.
96
Calculate the highest common divisor of 4053545 and 170605.
745
Calculate the highest common divisor of 30773412 and 1328.
332
Calculate the highest common factor of 100 and 545782390.
10
What is the greatest common divisor of 5352 and 68293304?
1784
What is the highest common divisor of 7902276 and 2073?
2073
What is the greatest common divisor of 32778250 and 625?
125
What is the greatest common factor of 1582 and 93033465?
791
What is the highest common divisor of 10089 and 43377?
57
Calculate the greatest common divisor of 1508 and 4599712.
52
What is the greatest common factor of 150 and 2287680?
30
What is the highest common divisor of 1551 and 37452984?
141
What is the greatest common factor of 39 and 97445244?
39
Calculate the greatest common factor of 5614048 and 844272.
7216
Calculate the greatest common factor of 624429 and 943488.
1053
What is the greatest common divisor of 36603089 and 5497?
239
What is the greatest common divisor of 400 and 110700?
100
What is the greatest common factor of 155 and 601635?
5
Calculate the highest common factor of 45839 and 2847997.
1993
What is the highest common divisor of 3999710 and 40?
10
Calculate the greatest common divisor of 6911 and 10321.
1
What is the highest common factor of 7447154 and 154?
22
Calculate the greatest common factor of 509852 and 43099.
917
Calculate the greatest common divisor of 1614 and 240483579.
807
What is the greatest common divisor of 96 and 9514914?
6
Calculate the greatest common factor of 19119323 and 23084.
5771
Calculate the greatest common divisor of 1080 and 3279176.
8
What is the highest common divisor of 3 and 18757329?
3
What is the highest common divisor of 4340 and 13458340?
4340
Calculate the greatest common factor of 11864 and 15032.
8
What is the greatest common divisor of 39924105 and 1643?
53
What is the highest common factor of 50769 and 1278?
9
Calculate the greatest common divisor of 76832388 and 18.
18
What is the highest common divisor of 6249506 and 238?
34
Calculate the highest common divisor of 8141 and 46193.
7
What is the greatest common factor of 272505 and 960?
15
What is the greatest common divisor of 38900 and 2723?
389
What is the greatest common factor of 126 and 536868225?
9
What is the highest common divisor of 13504275 and 405?
45
What is the highest common divisor of 1916945 and 755?
755
Calculate the greatest common factor of 142819 and 31295.
569
Calculate the greatest common factor of 2981 and 16404985.
271
What is the greatest common divisor of 13869 and 434286?
207
Calculate the greatest common factor of 141 and 146287923.
141
Calculate the highest common divisor of 777 and 72013359.
111
Calculate the greatest common divisor of 259 and 6744619.
259
What is the highest common divisor of 697102 and 3737?
101
What is the highest common divisor of 11230 and 810?
10
Calculate the highest common factor of 205085235 and 20.
5
Calculate the highest common factor of 6092 and 166164.
4
What is the highest common factor of 100 and 28081700?
100
Calculate the highest common factor of 29981787 and 33.
33
Calculate the highest common divisor of 3814 and 19819451.
1907
What is the highest common factor of 147 and 146163?
3
Calculate the highest common divisor of 2961 and 1129266180.
2961
What is the greatest common divisor of 18 and 141357114?
18
Calculate the greatest common divisor of 45741 and 616911.
237
What is the highest common divisor of 4023100 and 16100?
100
Calculate the greatest common factor of 31934244 and 53859.
4143
Calculate the highest common factor of 209020660 and 80.
20
What is the highest common divisor of 911 and 339776581?
911
Calculate the highest common divisor of 1405 and 52773205.
1405
Calculate the highest common divisor of 632 and 1392432.
8
Calculate the highest common divisor of 2272 and 504597.
71
What is the greatest common divisor of 2583450 and 3690